
-100010001100000100110
-33223320120 (base 4) to base 10
-4111896
Convert 113210343 (base 6) to base 3.
10222112022000
What is -18c1625 (base 14) in base 3?
-212010202102011
-22021000110001 (base 3) to base 9
-8230401
Convert -1351480 (base 11) to base 15.
-3104b7
What is 11121310321 (base 4) in base 5?
330312010
What is ac97 (base 16) in base 12?
2169b
What is -7105 (base 11) in base 10?
-9443
Convert -1315480 (base 10) to base 7.
-14116135
1aa9ba (base 13) to base 5
133234142
What is -10151300 (base 8) in base 14?
-3ddd04
What is 3970a5 (base 11) in base 7?
5210163
Convert 12332221442 (base 5) to base 7.
242331146
Convert -3c64 (base 15) to base 11.
-9785
What is 302613 (base 9) in base 7?
1344111
What is -3204636 (base 7) in base 8?
-1366236
-414340004 (base 5) to base 12
-6a8590
Convert -188308 (base 14) to base 3.
-1122002021001
Convert -12d119 (base 16) to base 6.
-42233053
Convert 1101011100100101 (base 2) to base 7.
316401
Convert -346106 (base 9) to base 16.
-32bec
-1cc08 (base 13) to base 11
-39883
What is 45271434 (base 8) in base 14?
142d512
What is 1002232222 (base 4) in base 16?
42baa
-1793872 (base 14) to base 13
-254b87b
Convert -1031333032 (base 5) to base 15.
-2db362
Convert 26063433 (base 8) to base 11.
32a7876
Convert 1235664 (base 13) to base 16.
567957
What is 64f2d0 (base 16) in base 6?
353444304
What is -1126458 (base 9) in base 11?
-386088
What is 1b6496 (base 12) in base 11?
3036a4
-1457005 (base 9) to base 4
-3010222232
What is 711007 (base 8) in base 4?
321020013
What is -5321065 (base 9) in base 14?
-541dd4
-5d6bb (base 15) to base 7
-2352224
Convert 4154130 (base 6) to base 3.
101020211000
What is -10100100010111101 (base 2) in base 11?
-58257
-1966a7 (base 12) to base 10
-446815
102100000022011 (base 3) to base 7
102124255
What is 1121212421 (base 5) in base 15?
34c7ab
What is -20100201121122 (base 3) in base 11?
-19a9572
Convert -242201022 (base 5) to base 12.
-4668a3
What is 2102221112102 (base 3) in base 6?
43453145
What is 2100212022 (base 3) in base 14?
12d76
What is -430440 (base 7) in base 11?
-510a9
Convert 32350 (base 15) to base 7.
1232436
Convert b588 (base 16) to base 9.
70665
126417 (base 10) to base 15
276cc
631051 (base 9) to base 5
43443002
10241614 (base 7) to base 13
244a7a
-12825663 (base 9) to base 10
-6335553
176324 (base 9) to base 10
109615
What is -23320122123 (base 4) in base 3?
-12212020111110
Convert -25d82d (base 14) to base 8.
-4764661
What is 280568 (base 9) in base 3?
22200122022
Convert 5c32f (base 16) to base 6.
12032211
146511262 (base 7) to base 9
20475101
What is 3174 (base 11) in base 12?
2517
-100201002122 (base 3) to base 14
-4d8bb
What is 956b (base 15) in base 4?
13231301
Convert 3401a5 (base 11) to base 9.
1015370
What is 245767 (base 8) in base 9?
138515
What is -913a3 (base 11) in base 16?
-209c8
What is -122412213 (base 5) in base 8?
-2203306
561322 (base 8) to base 4
232023102
105423 (base 8) to base 9
53748
What is 10120011121110 (base 3) in base 10?
1892928
What is 110111100000010011 (base 2) in base 13?
7c633
106ba81 (base 13) to base 14
94ad4d
310130032 (base 5) to base 14
249521
Convert 2a32b0 (base 16) to base 3.
12012111112111
Convert -10100100011111010001 (base 2) to base 7.
-5504162
Convert -11011110100001101001010 (base 2) to base 5.
-3331313342
-242324301 (base 5) to base 13
-30a211
-622567 (base 12) to base 4
-11313222133
2300655 (base 7) to base 11
185a09
1544197 (base 11) to base 12
a74397
What is 404988 (base 11) in base 10?
650713
1540543 (base 8) to base 4
1230011203
-cb2ba (base 13) to base 8
-1315436
-2030101 (base 6) to base 12
-48331
Convert 130645 (base 13) to base 6.
13452331
What is -81460a (base 11) in base 12?
-531705
-1599815 (base 10) to base 2
-110000110100101000111
Convert ac29b9 (base 13) to base 14.
77a317
Convert -101011111110110101111 (base 2) to base 15.
-1d704e
-1b4907 (base 15) to base 16
-145246
-78141 (base 16) to base 10
-491841
-1121033032 (base 4) to base 15
-7347d
-224763 (base 11) to base 6
-11355400
-4493086 (base 10) to base 12
-16081ba
Convert -1001232233 (base 4) to base 16.
-41baf
Convert 438756 (base 12) to base 2.
100000101110100110010
213313322 (base 5) to base 8
3376350
Convert -205a3 (base 15) to base 9.
-165570
88a179 (base 11) to base 15
1d06d8
Convert -2221120022110 (base 3) to base 12.
-6363a0
What is 4182364 (base 9) in base 16?
222a54
-201223152 (base 7) to base 16
-b2537e
What is 464ff (base 16) in base 13?
a111a
114036 (base 7) to base 12
bb13
-6523b6 (base 16) to base 14
-c477a6
Convert -31276058 (base 9) to base 10.
-15048800
Convert -1000111011111011111 (base 2) to base 12.
-121567
What is -12004054 (base 8) in base 2?
-1010000000100000101100
What is 11700818 (base 9) in base 5?
2431302133
What is 45332101 (base 6) in base 8?
5210545
What is -12033303114 (base 5) in base 14?
-1bd6749
Convert -194a96 (base 14) to base 11.
-562724
What is -5430632 (base 8) in base 16?
-16319a
-3295803 (base 10) to base 5
-1320431203
-2402124332 (base 5) to base 8
-24777707
What is 111111101101010011000 (base 2) in base 6?
112424412
Convert -1342443 (base 6) to base 14.
-1d883
Convert 10043212412 (base 5) to base 13.
2139b06
8e4384 (base 15) to base 7
111532246
What is 643145 (base 7) in base 5?
12032212
Convert -357234 (base 8) to base 2.
-11101111010011100
Convert -6d5843 (base 14) to base 16.
-391803
What is 3924969 (base 11) in base 9?
13713647
-1225440 (base 11) to base 8
-10100320
What is -1070266 (base 10) in base 13?
-2b61c2
-4a44 (base 13) to base 5
-314114
-414244 (base 9) to base 4
-330001303
-4d376e (base 15) to base 8
-16111045
What is -16024a1 (base 11) in base 14?
-514d48
3a5299 (base 12) to base 14
1b0ca9
What is 375016 (base 9) in base 14?
5c8b4
What is 18320 (base 9) in base 16?
316e
Convert 11111011101001001001111 (base 2) to base 10.
8245839
What is 46232060 (base 7) in base 6?
222343055
Convert 441aa (base 16) to base 11.
180645
-354632 (base 8) to base 7
-1013322
What is 1003042053 (base 6) in base 5?
10104121223
Convert 15152600 (base 7) to base 2.
101011111111100101100
1422404 (base 5) to base 12
15255
Convert -112102310201 (base 4) to base 10.
-5844257
8beb2e (base 16) to base 5
4321412320
What is -2021003121 (base 4) in base 3?
-1001112001110
Convert 24204140 (base 5) to base 12.
aa635
Convert 303240341 (base 5) to base 2.
100101011101101001100
Convert 10234203 (base 8) to base 12.
88bb17
-21022100121 (base 3) to base 5
-14100442
Convert -10377540 (base 8) to base 4.
-20133331200
-36b3d6 (base 15) to base 9
-4832713
Convert 561360 (base 7) to base 13.
36084
-55552 (base 7) to base 8
-33262
Convert 1038364 (base 9) to base 15.
b01a7
180811 (base 10) to base 14
49c71
Convert -5a2d (base 16) to base 15.
-6c90
-562644 (base 7) to base 14
-2835b
14717562 (base 8) to base 14
640cdc
101404440 (base 5) to base 16
6662a
Convert -1100000011000011001 (base 2) to base 10.
-394777
Convert -1221221 (base 4) to base 15.
-200b
Convert -6250031 (base 9) to base 15.
-45e787
Convert -28879 (base 12) to base 15.
-11b46
What is -159b72 (base 12) in base 11?
-232872
What is -746e0 (base 15) in base 3?
-200202202210
What is -e0a06a (base 16) in base 7?
-236061514
Convert -1001000010111000010000 (base 2) to base 13.
-650315
What is -ba378 (base 12) in base 11?
-158826
Convert 53250 (base 10) to base 9.
81036
Convert 20134010 (base 7) to base 12.
687a4b
4375257 (base 12) to base 11
7283360
-29283a8 (base 13) to base 2
-110001110111000100000110
What is 41331565 (base 7) in base 6?
202213104
Convert -144e7 (base 15) to base 16.
-feda
Convert -12230341 (base 7) to base 10.
-1099834
Convert -3220512 (base 8) to base 12.
-355b76
What is 17754b (base 12) in base 3?
202200002212
-12f88 (base 16) to base 13
-294a3
Convert 1202010212210 (base 3) to base 14.
1a224a
Convert 4153507 (base 9) to base 14.
41b18d
What is -25867310 (base 9) in base 16?
-c266a0
What is -36260 (base 9) in base 6?
-304213
Convert 113a86 (base 14) to base 12.
243532
Convert 142402 (base 15) to base 6.
32440315
Convert 313454 (base 6) to base 9.
37817
What is -3034215 (base 6) in base 7?
-1142111
Convert -4011333241 (base 5) to base 11.
-4518963
What is -f071f2 (base 16) in base 10?
-15757810
Convert a7d520 (base 14) to base 4.
111223221320
What is 57c77 